 prime factors of 1516?
2, 379
What are the prime factors of 6431?
59, 109
What are the prime factors of 28?
2, 7
List the prime factors of 14182.
2, 7, 1013
List the prime factors of 4492.
2, 1123
List the prime factors of 1320.
2, 3, 5, 11
List the prime factors of 3695.
5, 739
What are the prime factors of 8808?
2, 3, 367
List the prime factors of 1127.
7, 23
List the prime factors of 11758.
2, 5879
What are the prime factors of 54205?
5, 37, 293
What are the prime factors of 500?
2, 5
List the prime factors of 4034.
2, 2017
What are the prime factors of 29120?
2, 5, 7, 13
What are the prime factors of 2006?
2, 17, 59
What are the prime factors of 66642?
2, 3, 29, 383
List the prime factors of 9865.
5, 1973
List the prime factors of 121103.
347, 349
What are the prime factors of 949?
13, 73
List the prime factors of 1915.
5, 383
What are the prime factors of 307?
307
What are the prime factors of 67971?
3, 139, 163
What are the prime factors of 903?
3, 7, 43
List the prime factors of 1429.
1429
List the prime factors of 1253.
7, 179
What are the prime factors of 5662?
2, 19, 149
List the prime factors of 6275.
5, 251
List the prime factors of 66047.
66047
List the prime factors of 50.
2, 5
List the prime factors of 3.
3
What are the prime factors of 5057?
13, 389
What are the prime factors of 132460?
2, 5, 37, 179
What are the prime factors of 1240?
2, 5, 31
What are the prime factors of 7529?
7529
List the prime factors of 1128.
2, 3, 47
What are the prime factors of 2249?
13, 173
List the prime factors of 141456.
2, 3, 7, 421
List the prime factors of 1411.
17, 83
List the prime factors of 603.
3, 67
What are the prime factors of 189?
3, 7
List the prime factors of 12396.
2, 3, 1033
What are the prime factors of 39471?
3, 59, 223
List the prime factors of 1130.
2, 5, 113
List the prime factors of 805.
5, 7, 23
List the prime factors of 5616.
2, 3, 13
What are the prime factors of 164547?
3, 47, 389
List the prime factors of 16549.
13, 19, 67
What are the prime factors of 16767?
3, 23
List the prime factors of 6267.
3, 2089
What are the prime factors of 891?
3, 11
List the prime factors of 423.
3, 47
List the prime factors of 1715.
5, 7
What are the prime factors of 32140?
2, 5, 1607
What are the prime factors of 65364?
2, 3, 13, 419
What are the prime factors of 27531?
3, 7, 19, 23
What are the prime factors of 165?
3, 5, 11
List the prime factors of 72300.
2, 3, 5, 241
List the prime factors of 5691.
3, 7, 271
What are the prime factors of 722?
2, 19
What are the prime factors of 24447?
3, 29, 281
What are the prime factors of 10987?
10987
What are the prime factors of 8006?
2, 4003
What are the prime factors of 12301?
12301
What are the prime factors of 181367?
293, 619
List the prime factors of 26427.
3, 23, 383
What are the prime factors of 21966?
2, 3, 7, 523
List the prime factors of 16319.
16319
List the prime factors of 24116.
2, 6029
What are the prime factors of 1136?
2, 71
What are the prime factors of 785?
5, 157
List the prime factors of 21327.
3, 7109
List the prime factors of 15028.
2, 13, 17
What are the prime factors of 5904?
2, 3, 41
List the prime factors of 3296.
2, 103
What are the prime factors of 77115?
3, 5, 53, 97
List the prime factors of 2403.
3, 89
List the prime factors of 6109.
41, 149
What are the prime factors of 3681?
3, 409
List the prime factors of 7064.
2, 883
What are the prime factors of 2275?
5, 7, 13
What are the prime factors of 33944?
2, 4243
List the prime factors of 89662.
2, 127, 353
What are the prime factors of 30634?
2, 17, 53
What are the prime factors of 5711?
5711
What are the prime factors of 5822?
2, 41, 71
List the prime factors of 77895.
3, 5, 577
List the prime factors of 1134.
2, 3, 7
What are the prime factors of 3259?
3259
List the prime factors of 13836.
2, 3, 1153
What are the prime factors of 2707?
2707
List the prime factors of 87571.
11, 19, 419
List the prime factors of 5294.
2, 2647
What are the prime factors of 157?
157
List the prime factors of 18279.
3, 677
List the prime factors of 1263.
3, 421
List the prime factors of 1644.
2, 3, 137
List the prime factors of 15262.
2, 13, 587
List the prime factors of 21139.
21139
List the prime factors of 95454.
2, 3, 5303
List the prime factors of 4027.
4027
List the prime factors of 250.
2, 5
List the prime factors of 187.
11, 17
List the prime factors of 2440.
2, 5, 61
List the prime factors of 520.
2, 5, 13
What are the prime factors of 3426?
2, 3, 571
List the prime factors of 1010.
2, 5, 101
List the prime factors of 29779.
97, 307
What are the prime factors of 358?
2, 179
What are the prime factors of 5357?
11, 487
List the prime factors of 66990.
2, 3, 5, 7, 11, 29
List the prime factors of 1671.
3, 557
List the prime factors of 5749.
5749
What are the prime factors of 76754?
2, 38377
List the prime factors of 1812.
2, 3, 151
List the prime factors of 4029.
3, 17, 79
What are the prime factors of 14709?
3, 4903
What are the prime factors of 4957?
4957
What are the prime factors of 709?
709
What are the prime factors of 909?
3, 101
What are the prime factors of 356?
2, 89
List the prime factors of 86996.
2, 7, 13, 239
List the prime factors of 1576.
2, 197
What are the prime factors of 3426?
2, 3, 571
What are the prime factors of 6659?
6659
List the prime factors of 717.
3, 239
List the prime factors of 6756.
2, 3, 563
What are the prime factors of 8553?
3, 2851
List the prime factors of 1924.
2, 13, 37
What are the prime factors of 733?
733
What are the prime factors of 514?
2, 257
List the prime factors of 8709.
3, 2903
What are the prime factors of 7257?
3, 41, 59
What are the prime factors of 57787?
57787
What are the prime factors of 557?
557
List the prime factors of 11972.
2, 41, 73
What are the prime factors of 459?
3, 17
List the prime factors of 20762.
2, 7, 1483
List the prime factors of 2956.
2, 739
List the prime factors of 347.
347
List the prime factors of 945.
3, 5, 7
List the prime factors of 375.
3, 5
What are the prime factors of 26732?
2, 41, 163
What are the prime factors of 168966?
2, 3, 7, 149
What are the prime factors of 37906?
2, 11, 1723
List the prime factors of 686.
2, 7
What are the prime factors of 5775?
3, 5, 7, 11
List the prime factors of 2482.
2, 17, 73
What are the prime factors of 945?
3, 5, 7
List the prime factors of 4250.
2, 5, 17
List the prime factors of 771.
3, 257
What are the prime factors of 776?
2, 97
List the prime factors of 2294.
2, 31, 37
List the prime factors of 718.
2, 359
List the prime factors of 25287.
3, 8429
List the prime factors of 524.
2, 131
List the prime factors of 22218.
2, 3, 7, 23
List the prime factors of 976.
2, 61
List the prime factors of 19593.
3, 7, 311
List the prime factors of 749.
7, 107
List the prime factors of 59.
59
List the prime factors of 5051.
5051
List the prime factors of 30843.
3, 23, 149
What are the prime factors of 16958?
2, 61, 139
What are the prime factors of 1522?
2, 761
List the prime factors of 674.
2, 337
What are the prime factors of 2443?
7, 349
What are the prime factors of 5205?
3, 5, 347
List the prime factors of 79275.
3, 5, 7, 151
List the prime factors of 127.
127
List the prime factors of 11310.
2, 3, 5, 13, 29
What are the prime factors of 110529?
3, 12281
What are the prime factors of 14090?
2, 5, 1409
List the prime factors of 2893.
11, 263
List the prime factors of 110449.
17, 73, 89
What are the prime factors of 15530?
2, 5, 1553
List the prime factors of 28229.
28229
What are the prime factors of 16718?
2, 13, 643
List the prime factors of 7167.
3, 2389
List the prime factors of 182.
2, 7, 13
List the prime factors of 1336.
2, 167
List the prime factors of 50403.
3, 53, 317
What are the prime factors of 10309?
13, 61
What are the prime factors of 79260?
2, 3, 5, 1321
List the prime factors of 40.
2, 5
List the prime factors of 7236.
2, 3, 67
What are the prime factors of 4364?
2, 1091
List the prime factors of 48045.
3, 5, 3203
List the prime factors of 4281.
3, 1427
What are the prime factors of 4669?
7, 23, 29
List the prime factors of 628.
2, 157
What are the prime factors of 4060?
2, 5, 7, 29
What are the prime factors of 4284?
2, 3, 7, 17
List the prime factors of 456.
2, 3, 19
List the prime factors of 